9 - (-3 + -4)?
-1
Evaluate 3 - (-3 - -10) - -1.
-3
Calculate (6 - 3) + -1 - -1.
3
What is the value of -1 + 3 + -4 + (-1 - -8)?
5
Evaluate 0 - ((34 - 34) + (6 - 0)).
-6
What is the value of 1 + (-1 - -2) + 0 + -3?
-1
Evaluate 10 + (-11 - -8) + -4.
3
Calculate 1 + -3 - 1 - (-107 + 102).
2
What is (-8 + 5 - 0) + 0?
-3
What is (6 - 1) + -8 - -5?
2
4 - (-5 + -1 + 0 - -10)
0
Calculate (-3 - (0 + 0)) + 0.
-3
0 + (-6 - (-1 + -2))
-3
-7 + -4 + 16 + -14
-9
What is -9 - (-6 - -12 - 9)?
-6
Calculate 22 + -21 + 1 + -1 + -2.
-1
Calculate 4 - -1 - (-6 + -1 + 16).
-4
Calculate -3 - -3 - (3 - 8).
5
What is the value of -3 + 3 + 4 + 1?
5
Calculate 0 - (4 - (7 - 2) - -6).
-5
What is the value of -5 - (-5 + 4 + -2)?
-2
-6 + (6 - -10) + -1
9
Evaluate -8 - (3 - 10) - -2.
1
Evaluate 1 + 1 + (0 - -6 - 6).
2
What is 6 + (1 - 13 - (61 - 66))?
-1
Evaluate 3 + 1 + -5 + -1 + 7.
5
-1 + -4 - (-66 + 60)
1
Calculate 1 + (-4 - ((-1 - -4) + -3)).
-3
Calculate -3 + (-4 - (-9 - -3)).
-1
What is -1 - -2 - (4 + -1 + 0)?
-2
Evaluate 4 - (1 + 3 - 4) - -4.
8
Evaluate -7 - -8 - (1 - 1 - 1).
2
What is the value of 3 + -5 + 9 + -5?
2
Evaluate 2 + (1 - (4 + -1)).
0
Evaluate (2 - 0 - 6) + (10 - 1).
5
Evaluate -5 + 8 + 3 + -6 + 6.
6
What is (3 - (-9 + 13)) + -2?
-3
What is the value of (-4 - -3 - 2) + 10?
7
1 + (4 - 4) - (0 + 0)
1
-2 + -6 + (-1 - -8)
-1
What is (2 + 11 - -6) + -11?
8
Calculate 3 + -3 + (6 - 2) - 2.
2
Calculate 4 + (2 - 26 - -1) + 8.
-11
What is (0 + 0 - (0 - 0)) + -4?
-4
What is the value of 9 - (5 - (-7 - -11))?
8
(1 - (-5 - 2)) + (25 - 27)
6
14 - (20 + (-14 - -5))
3
Evaluate -3 + (2 - 2) + 1 + 0.
-2
What is 5 + -6 + -3 + 9?
5
What is 6 - (2 - (-9 + 5))?
0
What is -19 - -16 - (-3 + 3 + -1)?
-2
What is -8 + -1 + 18 + -5?
4
Calculate -9 - ((-4 - -15) + -19).
-1
Calculate 8 - 19 - -10 - (6 + -2).
-5
What is the value of 0 - (0 + -2 - (5 - 7))?
0
Calculate -10 + (13 + -10 - 2).
-9
Calculate 0 - (-10 - (-5 + 0) - -4).
1
-4 + 0 + 3 + -2 + 3
0
Evaluate -3 - (5 - 4) - (-1 + 0).
-3
8 + -6 + 8 + -1 + -3
6
Evaluate -6 + (15 - 7) - 8.
-6
(14 - 0) + -7 + -7 + 7
7
Calculate 1 + 0 + (5 - (1 - -1)).
4
Calculate -2 + 3 + (-2 - (-2 - 2)).
3
Evaluate -2 - (-4 - (-1 - 2)).
-1
8 + (-5 - 4) - -7
6
What is the value of 5 + (-6 - (0 + -3))?
2
Evaluate 2 + -3 - (2 + -1).
-2
15 + -13 + 4 + -4
2
What is 5 + -4 - 0 - -4?
5
What is 3 + -7 + (3 - -1)?
0
Evaluate 1 - (5 - 1 - -5 - 5).
-3
What is (1 - 0) + (2 - 0)?
3
Calculate (10 - (5 + 7)) + 3.
1
Calculate (2 - -3 - (7 + -5)) + -5.
-2
What is the value of 0 - (8 + -6 + -6)?
4
Calculate 9 + (-8 - 0) + -8.
-7
-1 - ((11 - 6) + -11)
5
What is the value of -3 - (1 + -2 + (-6 - -2))?
2
What is (-15 - -2) + 0 + (51 - 46)?
-8
Evaluate -3 + 8 - (-13 + 26).
-8
4 + -5 - (1 - 4)
2
Evaluate 7 - (0 - 3) - 5.
5
What is -27 + 34 - (9 + 1)?
-3
What is 5 + (11 - 4 - 7)?
5
3 - 1 - (-3 + 5)
0
What is (-2 - 1) + (-3 - -4)?
-2
What is -9 - (5 - (7 - -14))?
7
What is the value of 5 - 5 - (-3 + 7 + -7)?
3
Evaluate 3 - (-1 - -6 - 2) - 4.
-4
-5 + 12 + -1 + -1 + 0
5
What is 2 + 1 + -5 + -1 + 1?
-2
Evaluate 73 - 71 - (0 - 1).
3
Calculate (51 - 51) + (0 - -4).
4
What is the value of 4 + 2 + (2 - 6)?
2
(-3 - -1 - 1) + 5
2
What is the value of 0 + -1 + -1 - (20 - 22)?
0
Evaluate -12 + (2 - (-3 + -6)).
-1
8 - (-5 - -4 - -7)
2
3 + -5 + 4 - (-4 + 4)
2
Evaluate -3 - 0 - (-4 + -1 + 0).
2
Evaluate -18 + (1 - -7) - -14.
4
-119 - -129 - (3 - (0 + 0))
7
What is the value of 2 + (1 - -5 - (11 - 0))?
-3
What is the value of -10 - (-1 + -10 - -5)?
-4
What is (-1 + 5 - 3) + -4?
-3
What is 4 - (6 + -10 - -10)?
-2
Calculate (-7 - 4) + (1 - -3).
-7
Calculate 12 + (-7 - (4 - 3)) + 1.
5
Evaluate (9 - 3) + 1 - (0 - -6).
1
Evaluate 6 + (1 - (-3 + 14)).
-4
What is the value of 5 - (14 - 5) - -3?
-1
Calculate -1 + 1 - (10 + -10 + -4).
4
Calculate 1 - (2 + 7 + -7).
-1
What is -8 - (-22 + 2 + 4)?
8
Evaluate (-2 - 18) + (18 - 8).
-10
What is -2 - (4 + 0) - (-1 - 1)?
-4
Evaluate 3 + (-4 - (-5 + 4 + 4)).
-4
What is -2 + 1 + (-4 - -6) + 8?
9
Evaluate -6 + 6 + -2 + 2.
0
What is the value of 3 - (-18 + (-10 - -21))?
10
Evaluate -3 + (-4 - (-2 + -2)) + -5.
-8
Calculate 2 + 3 + -2 + -1 + 3.
5
What is 6 + -13 + 9 + (0 - 4)?
-2
4 - ((19 - 11) + (-1 - -1))
-4
Evaluate 6 + (-4 + 6 - 3).
5
What is the value of -2 + -3 + (-11 - (8 - 18))?
-6
(-3 - 2) + 9 + (-6 - -1)
-1
What is 0 + (0 - 3) + -80 + 84?
1
Calculate -6 + (11 - 5) + (-2 - 1).
-3
Evaluate 3 - 23 - -9 - -12.
1
What is -1 + (4 - 0) - 7?
-4
Evaluate (-6 - -1) + -4 + 23 + -7.
7
What is 4 - 7 - 3 - -7?
1
Evaluate (-7 - (-2 - 1)) + (-3 - -5).
-2
What is the value of 2 + (-8 + 1 + 0 - -3)?
-2
What is (2 - 1 - 3) + -22 + 23?
-1
What is the value of (3 - (-1 + 3)) + -2 + 4?
3
What is the value of (0 - -3) + -4 - 3?
-4
What is 4 + 4 + (-17 - 0)?
-9
What is the value of 5 + -11 + -4 + 6?
-4
(3 - -3) + 2 + -12 + 6
2
Calculate -12 - (-13 - (2 + -8)).
-5
-1 + -3 - (-3 - (-8 - -5))
-4
What is the value of 1 - (-1 + 0 - (9 + -11))?
0
Evaluate -6 + -1 - ((5 - 0) + -9).
-3
What is -5 - ((-4 - -5) + -6)?
0
What is -10 - (6 + -9 + -8 - -7)?
-6
Calculate -2 - (-11 - -3) - (-5 - -4).
7
Calculate 0 + 1 + -20 + 11.
-8
Calculate (2 - (-1 + 1)) + 62 + -73.
-9
Evaluate -2 + 6 + 8 + -21.
-9
(-16 - -7) + 6 + -4 + 0
-7
(1 - 3) + -1 - -2 - -5
4
Evaluate 1 + 2 + -2 + 34 + -30.
5
(7 - -1) + -5 + -5
-2
-11 + 2 + (5 - 0)
-4
What is -1 - 2 - (3 + -8 - 2)?
4
3 + (-8 - -2) - -4
1
Calculate 5 - (5 + 1) - 2.
-3
What is the value of 1 + (0 - (-1 - 0))?
2
0 + 0 - (-1 - 5)
6
What is -3 - (5 + -8 + -2) - 1?
1
What is -6 + (2 + 0 - -2) + -3?
-5
Calculate -4 - (0 + -2) - 0.
-2
What is -8 + -9 + (9 - -9)?
1
-5 - (0 - 0 - (-18 - -20))
-3
What is 0 - ((-4 - 2) + 2)?
4
6 - (1 - -1 - (-4 + 3))
3
What is 8 - (-4 - -2) - 5?
5
Calculate 4 - (-2 + 2 + 3).
1
What is -1 + (-1 - -5) - 3 - 3?
-3
What is 3 - 2 - 4 - 1?
-4
(2 - 1) + 3 + 1
5
Evaluate -3 + (5 - (-1 + 3)) + -2.
-2
Calculate (-2 - -1) + 2 + 0.
1
1 + -5 - (-1 - 0 - 0)
-3
0 - (8 + -8 - -7)
-7
Calculate 4 + -3 + (0 - (-3 - -2)).
2
Evaluate 12 + -4 + (6 - 9) + 1.
6
Evaluate 8 + 0 + (-3 - 7) - -1.
-1
Calculate 2 + 1 - (-21 + 26).
-2
Calculate -1 - -4 - (-10 - (-14 + 3)).
2
What is the value of (-5 - -4) + 4 + 1?
4
Evaluate -6 + -18 + 16 + (2 - -15).
9
What is the value of 6 - -1 - (3 + (6 - 7))?
5
3 - (-2 + -2 - (1 - 10))
-2
4 + -5 + 1 + -4
-4
Calculate (8 - 2) + -3 + (8 - 2).
9
3 + -1 + 0 + 1 + -2
1
Calculate 5 + -5 + -2 - -4.
2
Calculate 5 - (5 + 2 + -3) - -1.
2
6 + 5 + -10 + 1
2
6 - 16 - -4 - 0
-6
-6 - (-9 + 4 + 4)
-5
What is the value of 1 - (20 + -16 + 1 + 1)?
-5
What is (4 - 12) + 2 + 3?
-3
What is the value of (-1 + 4 - -1) + 477 + -484?
-3
What is (14 - (7 - 1)) + -6?
2
Calculate 4 + 1 + 1 - (-1 + 3).
4
1 + (2 + -7 - 0) + -1
-5
What is the value of (-1 - 4) + 4 - -2?
1
What is (-2 - -1) + (-23 + 14 - -10)?
0
What is the value of 10 + -12 + 1 + -1 + -2?
-4
What is the value of 3 + 2 - (1 - -6)?
-2
Evaluate 2 + 2 + -8 - -9.
5
What is the value of 2 - (-2 + 0) - 2?
2
What is 5 + (-5 - 2 - 1)?
-3
What is (-3 - (3 + -5)) + (-26 - -29)?
2
Calculate -2 + (1 - -1) + 2 + -2.
0
What is 14 + 2 + -24 + 14?
6
What is (-1 - -2) + (3 - 8)?
-4
What is 2 + 4 + -4 + 2?
4
9 - (15 - (-4 + 13))
3
Evaluate (-2 - -1) + 0 + -3 + 3.
-1
Evaluate (6 - 9 - 2) + 3 - -6.
4
What is the value of -2 + 6 - (30 - 27)?
1
Calculate 6 + 2 + -5 + -5.
-2
Calculate 0 + 5 + -9 + 5.
1
Evaluate -9 - (-19 + (-13 - -16)).
7
(4 - 2 - 5) + -1 - -10
6
Evaluate (4 - 6) + -2 + 4.
0
(-12 + 5 - -4) + -2 + 4
-1
Calculate (0 - 4) + 6 - -7.
9
Calculate 4 + (-20 - (-10 + 0)).
-6
What is the value of -4 + (8 - (1 + -1)) + 0?
4
What is the value of (-1 - -2) + 9 + -13?
-3
(-3 - 3) + 3 + 6
3
Calculate 5 - (9 - 11 - -8).
-1
Calculate 13 + -2 + -9 + -7.
-5
What is -2 + -1 + (30 - 29)?
-2
Calculate 6 + ((-3 - 3) + 10 - 9).
1
What is -4 - 3 - (-9 - -2)?
0
What is (2 - 0) + 2 + -6 + 1?
-1
Evaluate (-5 - (-1 - -1)) + (0 - 0).
-5
Evaluate (0 - (-15 + 0)) + -11.
4
What is the value of 0 - (7 - (6 - -1))?
0
What is -5 + (1 - -4) - (4 - 0)?
-4
Evaluate (-1 - 6 - -10) + -12.
-9
Evaluate 18 + -22 - (-2 + 1 - 3).
0
Calculate 5 - (-4 + -2 - -18 - 1).
-6
Evaluate 4 + -3 + 2 + (-5 - -3).
1
(0 - -2) + (9 - 1 - 13)
-3
What is -12 + (12 - (-3 + 10))?
-7
Evaluate -1 - (5 + (5 - 12)).
1
What is the value of 0 + 1 + -4 + 3?
0
C